{"id":1000,"date":"2022-03-27T15:38:48","date_gmt":"2022-03-27T13:38:48","guid":{"rendered":"https:\/\/uniepecujicich.cz\/?page_id=1000"},"modified":"2022-03-30T12:16:27","modified_gmt":"2022-03-30T10:16:27","slug":"ukrajina","status":"publish","type":"page","link":"https:\/\/uniepecujicich.cz\/en\/ukrajina\/","title":{"rendered":"P\u00e9\u010de nezn\u00e1 hranice"},"content":{"rendered":"<h2 class=\"wp-block-heading\">Unie pe\u010duj\u00edc\u00edch pom\u00e1h\u00e1 pe\u010duj\u00edc\u00edm z Ukrajiny<\/h2>\n\n\n\n<p>Mezi lidmi z Ukrajiny, kte\u0159\u00ed v sou\u010dasn\u00e9 dob\u011b hledaj\u00ed \u00fato\u010di\u0161t\u011b v \u010cesk\u00e9 republice, jsou i lid\u00e9, kte\u0159\u00ed p\u0159ich\u00e1zej\u00ed spolu s \u010dlov\u011bkem z\u00e1visl\u00fdm na jejich p\u00e9\u010di. Dle st\u00e1vaj\u00edc\u00edch odhad\u016f se jedn\u00e1 asi o 10 % lid\u00ed z Ukrajiny, kte\u0159\u00ed s sebou maj\u00ed d\u00edt\u011b se zdravotn\u00edm posti\u017een\u00edm, k\u0159ehk\u00e9ho seniora, nebo jin\u00e9ho \u010dlov\u011bka s pot\u0159ebou dlouhodob\u00e9 p\u00e9\u010de.<\/p>\n\n\n\n<p>Tito pe\u010duj\u00edc\u00ed pot\u0159ebuj\u00ed v\u00edce ne\u017e b\u011b\u017en\u00fd rozsah pomoci a podpory, kter\u00e9 v sou\u010dasn\u00e9 dob\u011b \u010cesk\u00e1 republika lidem z Ukrajiny nab\u00edz\u00ed.<\/p>\n\n\n\n<p>Unie pe\u010duj\u00edc\u00edch se proto zapojuje do pomoci <strong>dlouhodob\u011b pe\u010duj\u00edc\u00edm z Ukrajiny<\/strong>.<\/p>\n\n\n\n<p><strong>V sou\u010dasn\u00e9 dob\u011b se Unii pe\u010duj\u00edc\u00edch v r\u00e1mci pomoci ukrajinsk\u00fdm pe\u010duj\u00edc\u00edm soust\u0159ed\u00edme na t\u0159i oblast\u00ed:<\/strong><\/p>\n\n\n\n<h3 class=\"wp-block-heading\">1. P\u0159isp\u011bt k nalezen\u00ed syst\u00e9mov\u00e9ho \u0159e\u0161en\u00ed<\/h3>\n\n\n\n<p>Sna\u017e\u00edme se na tuto problematiku upozor\u0148ovat MPSV a jin\u00e9 relevantn\u00ed org\u00e1ny na r\u016fzn\u00fdch \u00farovn\u00edch st\u00e1tn\u00ed spr\u00e1vy a p\u0159edkl\u00e1dat vlastn\u00ed n\u00e1vrhy a podn\u011bty k syst\u00e9mov\u00e9mu \u0159e\u0161en\u00ed situace dlouhodob\u011b pe\u010duj\u00edc\u00edch z Ukrajiny.<\/p>\n\n\n\n<h3 class=\"wp-block-heading\">2. Individu\u00e1ln\u00ed pomoc<\/h3>\n\n\n\n<p>Nab\u00edz\u00edme individu\u00e1ln\u00ed pomoc s \u0159e\u0161en\u00edm specifick\u00fdch probl\u00e9m\u016f spojen\u00fdch s dlouhodobou p\u00e9\u010d\u00ed, zejm. pom\u00e1h\u00e1me:<\/p>\n\n\n\n<ul class=\"wp-block-list\"><li>zmapovat, co konkr\u00e9tn\u011b v dan\u00e9m p\u0159\u00edpad\u011b chyb\u00ed (zdravotn\u00ed prost\u0159edek, kompenza\u010dn\u00ed pom\u016fcka apod.)<\/li><li>pot\u0159ebn\u00e9 pom\u016fcky a prost\u0159edky sehnat<\/li><li>v jedn\u00e1n\u00ed s \u00fa\u0159ady, p\u0159\u00edpadn\u011b poskytneme doprovod<\/li><li>propojit ukrajinsk\u00e9 pe\u010duj\u00edc\u00ed s dal\u0161\u00edmi organizacemi, zprost\u0159edkovat dal\u0161\u00ed pomoc a ov\u011b\u0159it, zda funguje<\/li><\/ul>\n\n\n\n<h3 class=\"wp-block-heading\">3. Sd\u00edlen\u00ed, \u00fa\u010dast, zapojen\u00ed<\/h3>\n\n\n\n<p>Ukrajin\u0161t\u00ed pe\u010duj\u00edc\u00ed jsou zv\u00e1ni mezi n\u00e1s, na na\u0161e sv\u00e9pomocn\u00e9 skupiny, mohou se setk\u00e1vat s \u010desk\u00fdmi pe\u010duj\u00edc\u00edmi, posed\u011bt u k\u00e1vy, z\u00fa\u010dastnit se rukod\u011bln\u00fdch aktivit, jen tak tu s n\u00e1mi b\u00fdt. Vytv\u00e1\u0159\u00edme klima, kde se c\u00edt\u00ed v\u00edt\u00e1ni.<\/p>\n\n\n\n<div class=\"wp-block-columns is-layout-flex wp-container-core-columns-is-layout-9d6595d7 wp-block-columns-is-layout-flex\">\n<div class=\"wp-block-column is-layout-flow wp-block-column-is-layout-flow\" style=\"flex-basis:100%\">\n<div class=\"wp-block-columns is-layout-flex wp-container-core-columns-is-layout-9d6595d7 wp-block-columns-is-layout-flex\">\n<div class=\"wp-block-column is-layout-flow wp-block-column-is-layout-flow\">\n<figure class=\"wp-block-image size-large is-resized\"><a href=\"https:\/\/cdn-ms.uniepecujicich.cz\/wp-content\/uploads\/2022\/03\/ua_letak_c.jpg\"><img loading=\"lazy\" decoding=\"async\" src=\"https:\/\/uniepecujicich.cz\/wp-content\/uploads\/2022\/03\/ua_letak_c-726x1024.jpg\" alt=\"\" class=\"wp-image-1021\" width=\"363\" height=\"512\" srcset=\"https:\/\/uniepecujicich.cz\/wp-content\/uploads\/2022\/03\/ua_letak_c-726x1024.jpg 726w, https:\/\/uniepecujicich.cz\/wp-content\/uploads\/2022\/03\/ua_letak_c-213x300.jpg 213w, https:\/\/uniepecujicich.cz\/wp-content\/uploads\/2022\/03\/ua_letak_c-768x1083.jpg 768w, https:\/\/uniepecujicich.cz\/wp-content\/uploads\/2022\/03\/ua_letak_c-1090x1536.jpg 1090w, https:\/\/uniepecujicich.cz\/wp-content\/uploads\/2022\/03\/ua_letak_c-9x12.jpg 9w, https:\/\/uniepecujicich.cz\/wp-content\/uploads\/2022\/03\/ua_letak_c-1200x1692.jpg 1200w, https:\/\/uniepecujicich.cz\/wp-content\/uploads\/2022\/03\/ua_letak_c.jpg 1362w\" sizes=\"auto, (max-width: 363px) 85vw, 363px\" \/><\/a><\/figure>\n<\/div>\n\n\n\n<div class=\"wp-block-column is-layout-flow wp-block-column-is-layout-flow\">\n<figure class=\"wp-block-image size-large is-resized\"><a href=\"https:\/\/cdn-ms.uniepecujicich.cz\/wp-content\/uploads\/2022\/03\/ua_letak_ukr_c.jpg\"><img loading=\"lazy\" decoding=\"async\" src=\"https:\/\/uniepecujicich.cz\/wp-content\/uploads\/2022\/03\/ua_letak_ukr_c-726x1024.jpg\" alt=\"\" class=\"wp-image-1020\" width=\"363\" height=\"512\" srcset=\"https:\/\/uniepecujicich.cz\/wp-content\/uploads\/2022\/03\/ua_letak_ukr_c-726x1024.jpg 726w, https:\/\/uniepecujicich.cz\/wp-content\/uploads\/2022\/03\/ua_letak_ukr_c-213x300.jpg 213w, https:\/\/uniepecujicich.cz\/wp-content\/uploads\/2022\/03\/ua_letak_ukr_c-768x1083.jpg 768w, https:\/\/uniepecujicich.cz\/wp-content\/uploads\/2022\/03\/ua_letak_ukr_c-1090x1536.jpg 1090w, https:\/\/uniepecujicich.cz\/wp-content\/uploads\/2022\/03\/ua_letak_ukr_c-9x12.jpg 9w, https:\/\/uniepecujicich.cz\/wp-content\/uploads\/2022\/03\/ua_letak_ukr_c-1200x1692.jpg 1200w, https:\/\/uniepecujicich.cz\/wp-content\/uploads\/2022\/03\/ua_letak_ukr_c.jpg 1362w\" sizes=\"auto, (max-width: 363px) 85vw, 363px\" \/><\/a><\/figure>\n<\/div>\n<\/div>\n<\/div>\n<\/div>","protected":false},"excerpt":{"rendered":"<p>Unie pe\u010duj\u00edc\u00edch pom\u00e1h\u00e1 pe\u010duj\u00edc\u00edm z Ukrajiny Mezi lidmi z Ukrajiny, kte\u0159\u00ed v sou\u010dasn\u00e9 dob\u011b hledaj\u00ed \u00fato\u010di\u0161t\u011b v \u010cesk\u00e9 republice, jsou i lid\u00e9, kte\u0159\u00ed p\u0159ich\u00e1zej\u00ed spolu s \u010dlov\u011bkem z\u00e1visl\u00fdm na jejich p\u00e9\u010di. Dle st\u00e1vaj\u00edc\u00edch odhad\u016f se jedn\u00e1 asi o 10 % lid\u00ed z Ukrajiny, kte\u0159\u00ed s sebou maj\u00ed d\u00edt\u011b se zdravotn\u00edm posti\u017een\u00edm, k\u0159ehk\u00e9ho seniora, nebo jin\u00e9ho &hellip; <a href=\"https:\/\/uniepecujicich.cz\/en\/ukrajina\/\" class=\"more-link\">Continue reading<span class=\"screen-reader-text\"> &#8222;P\u00e9\u010de nezn\u00e1 hranice&#8220;<\/span><\/a><\/p>","protected":false},"author":1,"featured_media":0,"parent":0,"menu_order":0,"comment_status":"closed","ping_status":"closed","template":"","meta":{"footnotes":""},"class_list":["post-1000","page","type-page","status-publish","hentry"],"_links":{"self":[{"href":"https:\/\/uniepecujicich.cz\/en\/wp-json\/wp\/v2\/pages\/1000","targetHints":{"allow":["GET"]}}],"collection":[{"href":"https:\/\/uniepecujicich.cz\/en\/wp-json\/wp\/v2\/pages"}],"about":[{"href":"https:\/\/uniepecujicich.cz\/en\/wp-json\/wp\/v2\/types\/page"}],"author":[{"embeddable":true,"href":"https:\/\/uniepecujicich.cz\/en\/wp-json\/wp\/v2\/users\/1"}],"replies":[{"embeddable":true,"href":"https:\/\/uniepecujicich.cz\/en\/wp-json\/wp\/v2\/comments?post=1000"}],"version-history":[{"count":4,"href":"https:\/\/uniepecujicich.cz\/en\/wp-json\/wp\/v2\/pages\/1000\/revisions"}],"predecessor-version":[{"id":1025,"href":"https:\/\/uniepecujicich.cz\/en\/wp-json\/wp\/v2\/pages\/1000\/revisions\/1025"}],"wp:attachment":[{"href":"https:\/\/uniepecujicich.cz\/en\/wp-json\/wp\/v2\/media?parent=1000"}],"curies":[{"name":"wp","href":"https:\/\/api.w.org\/{rel}","templated":true}]}}

Péče nezná hranice

<h2 class="wp-block-heading">Unie pečujících pomáhá pečujícím z Ukrajiny</h2>



<p>Mezi lidmi z Ukrajiny, kteří v současné době hledají útočiště v České republice, jsou i lidé, kteří přicházejí spolu s člověkem závislým na jejich péči. Dle stávajících odhadů se jedná asi o 10 % lidí z Ukrajiny, kteří s sebou mají dítě se zdravotním postižením, křehkého seniora, nebo jiného člověka s potřebou dlouhodobé péče.</p>



<p>Tito pečující potřebují více než běžný rozsah pomoci a podpory, které v současné době Česká republika lidem z Ukrajiny nabízí.</p>



<p>Unie pečujících se proto zapojuje do pomoci <strong>dlouhodobě pečujícím z Ukrajiny</strong>.</p>



<p><strong>V současné době se Unii pečujících v rámci pomoci ukrajinským pečujícím soustředíme na tři oblastí:</strong></p>



<h3 class="wp-block-heading">1. Přispět k nalezení systémového řešení</h3>



<p>Snažíme se na tuto problematiku upozorňovat MPSV a jiné relevantní orgány na různých úrovních státní správy a předkládat vlastní návrhy a podněty k systémovému řešení situace dlouhodobě pečujících z Ukrajiny.</p>



<h3 class="wp-block-heading">2. Individuální pomoc</h3>



<p>Nabízíme individuální pomoc s řešením specifických problémů spojených s dlouhodobou péčí, zejm. pomáháme:</p>



<ul class="wp-block-list"><li>zmapovat, co konkrétně v daném případě chybí (zdravotní prostředek, kompenzační pomůcka apod.)</li><li>potřebné pomůcky a prostředky sehnat</li><li>v jednání s úřady, případně poskytneme doprovod</li><li>propojit ukrajinské pečující s dalšími organizacemi, zprostředkovat další pomoc a ověřit, zda funguje</li></ul>



<h3 class="wp-block-heading">3. Sdílení, účast, zapojení</h3>



<p>Ukrajinští pečující jsou zváni mezi nás, na naše svépomocné skupiny, mohou se setkávat s českými pečujícími, posedět u kávy, zúčastnit se rukodělných aktivit, jen tak tu s námi být. Vytváříme klima, kde se cítí vítáni.</p>



<div class="wp-block-columns is-layout-flex wp-container-core-columns-is-layout-9d6595d7 wp-block-columns-is-layout-flex">
<div class="wp-block-column is-layout-flow wp-block-column-is-layout-flow" style="flex-basis:100%">
<div class="wp-block-columns is-layout-flex wp-container-core-columns-is-layout-9d6595d7 wp-block-columns-is-layout-flex">
<div class="wp-block-column is-layout-flow wp-block-column-is-layout-flow">
<figure class="wp-block-image size-large is-resized"><a href="https://cdn-ms.uniepecujicich.cz/wp-content/uploads/2022/03/ua_letak_c.jpg"><img loading="lazy" decoding="async" src="https://uniepecujicich.cz/wp-content/uploads/2022/03/ua_letak_c-726x1024.jpg" alt="" class="wp-image-1021" width="363" height="512" srcset="https://uniepecujicich.cz/wp-content/uploads/2022/03/ua_letak_c-726x1024.jpg 726w, https://uniepecujicich.cz/wp-content/uploads/2022/03/ua_letak_c-213x300.jpg 213w, https://uniepecujicich.cz/wp-content/uploads/2022/03/ua_letak_c-768x1083.jpg 768w, https://uniepecujicich.cz/wp-content/uploads/2022/03/ua_letak_c-1090x1536.jpg 1090w, https://uniepecujicich.cz/wp-content/uploads/2022/03/ua_letak_c-9x12.jpg 9w, https://uniepecujicich.cz/wp-content/uploads/2022/03/ua_letak_c-1200x1692.jpg 1200w, https://uniepecujicich.cz/wp-content/uploads/2022/03/ua_letak_c.jpg 1362w" sizes="auto, (max-width: 363px) 85vw, 363px" /></a></figure>
</div>



<div class="wp-block-column is-layout-flow wp-block-column-is-layout-flow">
<figure class="wp-block-image size-large is-resized"><a href="https://cdn-ms.uniepecujicich.cz/wp-content/uploads/2022/03/ua_letak_ukr_c.jpg"><img loading="lazy" decoding="async" src="https://uniepecujicich.cz/wp-content/uploads/2022/03/ua_letak_ukr_c-726x1024.jpg" alt="" class="wp-image-1020" width="363" height="512" srcset="https://uniepecujicich.cz/wp-content/uploads/2022/03/ua_letak_ukr_c-726x1024.jpg 726w, https://uniepecujicich.cz/wp-content/uploads/2022/03/ua_letak_ukr_c-213x300.jpg 213w, https://uniepecujicich.cz/wp-content/uploads/2022/03/ua_letak_ukr_c-768x1083.jpg 768w, https://uniepecujicich.cz/wp-content/uploads/2022/03/ua_letak_ukr_c-1090x1536.jpg 1090w, https://uniepecujicich.cz/wp-content/uploads/2022/03/ua_letak_ukr_c-9x12.jpg 9w, https://uniepecujicich.cz/wp-content/uploads/2022/03/ua_letak_ukr_c-1200x1692.jpg 1200w, https://uniepecujicich.cz/wp-content/uploads/2022/03/ua_letak_ukr_c.jpg 1362w" sizes="auto, (max-width: 363px) 85vw, 363px" /></a></figure>
</div>
</div>
</div>
</div>

<p>Unie pečujících pomáhá pečujícím z Ukrajiny Mezi lidmi z Ukrajiny, kteří v současné době hledají útočiště v České republice, jsou i lidé, kteří přicházejí spolu s člověkem závislým na jejich péči. Dle stávajících odhadů se jedná asi o 10 % lidí z Ukrajiny, kteří s sebou mají dítě se zdravotním postižením, křehkého seniora, nebo jiného &hellip; <a href="https://uniepecujicich.cz/en/ukrajina/" class="more-link">Continue reading<span class="screen-reader-text"> &#8222;Péče nezná hranice&#8220;</span></a></p>
